n thousands digit of 86990155?
9
What is the tens digit of 600106100?
0
What is the thousands digit of 111098377?
8
What is the tens digit of 93809694?
9
What is the tens digit of 86551630?
3
What is the units digit of 1018377857?
7
What is the hundreds digit of 62390883?
8
What is the tens digit of 702178655?
5
What is the hundreds digit of 878438617?
6
What is the hundreds digit of 1314116389?
3
What is the tens digit of 41607921?
2
What is the hundreds digit of 140483193?
1
What is the millions digit of 36499140?
6
What is the ten millions digit of 38394262?
3
What is the hundred millions digit of 388222928?
3
What is the hundreds digit of 33410299?
2
What is the tens digit of 97199718?
1
What is the millions digit of 1672972468?
2
What is the millions digit of 368301293?
8
What is the hundred thousands digit of 108632228?
6
What is the tens digit of 2409177412?
1
What is the units digit of 95889835?
5
What is the tens digit of 81235283?
8
What is the ten thousands digit of 18133998?
3
What is the thousands digit of 1009565884?
5
What is the hundred thousands digit of 36241167?
2
What is the millions digit of 75716134?
5
What is the units digit of 2505716677?
7
What is the units digit of 190629024?
4
What is the hundreds digit of 86578715?
7
What is the thousands digit of 23784458?
4
What is the thousands digit of 500613004?
3
What is the millions digit of 67971145?
7
What is the ten millions digit of 139760852?
3
What is the hundred millions digit of 119884576?
1
What is the millions digit of 42513895?
2
What is the hundred thousands digit of 21553074?
5
What is the ten millions digit of 34714896?
3
What is the hundred millions digit of 149117776?
1
What is the thousands digit of 154088158?
8
What is the hundreds digit of 627686?
6
What is the ten thousands digit of 1825023864?
2
What is the ten millions digit of 32937669?
3
What is the units digit of 18116019?
9
What is the units digit of 10464263?
3
What is the ten millions digit of 1090396865?
9
What is the hundred millions digit of 458106146?
4
What is the thousands digit of 197312804?
2
What is the millions digit of 25299666?
5
What is the millions digit of 172211213?
2
What is the thousands digit of 57880973?
0
What is the ten thousands digit of 3239066534?
6
What is the millions digit of 45545752?
5
What is the ten millions digit of 5384058048?
8
What is the thousands digit of 586396846?
6
What is the ten thousands digit of 31368175?
6
What is the units digit of 71627843?
3
What is the hundred thousands digit of 1547468151?
4
What is the tens digit of 180721507?
0
What is the units digit of 1734535119?
9
What is the millions digit of 930660930?
0
What is the units digit of 73570?
0
What is the millions digit of 229492230?
9
What is the billions digit of 1184879998?
1
What is the units digit of 276867071?
1
What is the hundreds digit of 389118497?
4
What is the hundred thousands digit of 81287369?
2
What is the hundred millions digit of 2015331144?
0
What is the hundred thousands digit of 160600634?
6
What is the thousands digit of 104605211?
5
What is the hundred millions digit of 164302249?
1
What is the hundreds digit of 576083762?
7
What is the millions digit of 752600888?
2
What is the units digit of 3340333674?
4
What is the ten millions digit of 161359049?
6
What is the tens digit of 380549858?
5
What is the millions digit of 47854239?
7
What is the tens digit of 2713967434?
3
What is the millions digit of 68322079?
8
What is the tens digit of 727248861?
6
What is the tens digit of 73742849?
4
What is the billions digit of 1510153605?
1
What is the hundred thousands digit of 84049679?
0
What is the hundred millions digit of 1234980912?
2
What is the hundred thousands digit of 1099636190?
6
What is the thousands digit of 798803160?
3
What is the tens digit of 74283007?
0
What is the ten thousands digit of 236053916?
5
What is the millions digit of 933470324?
3
What is the hundreds digit of 492672827?
8
What is the thousands digit of 3496526440?
6
What is the tens digit of 126795397?
9
What is the ten millions digit of 3055711308?
5
What is the ten millions digit of 221695883?
2
What is the ten thousands digit of 3626245423?
4
What is the hundreds digit of 96785876?
8
What is the thousands digit of 1069729837?
9
What is the tens digit of 10939404?
0
What is the ten millions digit of 53599741?
5
What is the ten thousands digit of 566467858?
6
What is the tens digit of 36780499?
9
What is the tens digit of 158663175?
7
What is the millions digit of 88489233?
8
What is the units digit of 503962136?
6
What is the hundreds digit of 1186277601?
6
What is the thousands digit of 35667204?
7
What is the hundred millions digit of 193306703?
1
What is the thousands digit of 2891429454?
9
What is the hundred thousands digit of 1350798918?
7
What is the units digit of 286882366?
6
What is the hundred thousands digit of 115306476?
3
What is the millions digit of 3776906538?
6
What is the hundred thousands digit of 2916645982?
6
What is the hundreds digit of 1301082675?
6
What is the tens digit of 1519882300?
0
What is the ten millions digit of 4193227428?
9
What is the units digit of 3965463009?
9
What is the units digit of 1919203872?
2
What is the hundred thousands digit of 2242297375?
2
What is the thousands digit of 3419580325?
0
What is the hundred thousands digit of 8832581?
8
What is the thousands digit of 22885915?
5
What is the hundred thousands digit of 208486911?
4
What is the millions digit of 1273563819?
3
What is the millions digit of 497576572?
7
What is the units digit of 413456500?
0
What is the units digit of 4527924791?
1
What is the thousands digit of 4542461217?
1
What is the ten thousands digit of 4929869?
2
What is the ten thousands digit of 5543340495?
4
What is the ten thousands digit of 3872974080?
7
What is the millions digit of 62595094?
2
What is the billions digit of 2288962993?
2
What is the hundred thousands digit of 412488754?
4
What is the ten millions digit of 41996614?
4
What is the millions digit of 1276163095?
6
What is the ten thousands digit of 17384098?
8
What is the thousands digit of 22469649?
9
What is the ten thousands digit of 114169376?
6
What is the ten thousands digit of 1399667064?
6
What is the millions digit of 596282167?
6
What is the tens digit of 407729599?
9
What is the tens digit of 80855905?
0
What is the billions digit of 1696025324?
1
What is the hundreds digit of 367057282?
2
What is the units digit of 31297974?
4
What is the hundred thousands digit of 735508611?
5
What is the hundred millions digit of 516542562?
5
What is the hundred thousands digit of 137628223?
6
What is the ten thousands digit of 10694958?
9
What is the tens digit of 42239935?
3
What is the thousands digit of 49422714?
2
What is the millions digit of 136069807?
6
What is the ten thousands digit of 50964648?
6
What is the millions digit of 11466395?
1
What is the billions digit of 1491479588?
1
What is the hundreds digit of 40182011?
0
What is the hundred thousands digit of 316441124?
4
What is the ten thousands digit of 67223230?
2
What is the hundreds digit of 282166165?
1
What is the thousands digit of 144361247?
1
What is the hundred thousands digit of 340268891?
2
What is the ten thousands digit of 139910869?
1
What is the tens digit of 26291649?
4
What is the tens digit of 5391815615?
1
What is the hundreds digit of 27666409?
4
What is the millions digit of 420010446?
0
What is the hundreds digit of 55466196?
1
What is the hundreds digit of 546748586?
5
What is the millions digit of 42635887?
2
What is the units digit of 1086336453?
3
What is the billions digit of 1014222464?
1
What is the millions digit of 437323813?
7
What is the hundred millions digit of 1572756539?
5
What is the millions digit of 1006323809?
6
What is the millions digit of 4407818390?
7
What is the hundred millions digit of 1847083632?
8
What is the tens digit of 167593404?
0
What is the units digit of 1601151232?
2
What is the hundreds digit of 381197472?
4
What is the hundred thousands digit of 91776069?
7
What is the units digit of 467998500?
0
What is the hundred thousands digit of 144830622?
8
What is the hundred thousands digit of 448633672?
6
What is the hundreds digit of 66